he value of -9 + 4 + 57 + 14 + -8 + -23?
35
Calculate (66 - -36) + 25 - 199.
-72
Calculate -747 + 762 + -2 + -32.
-19
Evaluate 1071 + -1065 - (-4 - -5 - (-98 - 1)).
-94
What is 21 + -54 + 32 - 16?
-17
What is (0 - -4 - (109 + -7)) + (-49 - (-62 - -4))?
-89
4 - -4 - ((4 - 17 - -12) + 16) - -30
23
What is (-4035 - -4017) + 74 + 1?
57
Calculate 1133 + -1305 + (99 - 0).
-73
Evaluate 6129 + -6147 + (2 - 93).
-109
Calculate -98 + -2 + -69 - -71.
-98
What is the value of (-29 - (16 + (-4 + 12 - 4))) + 0 + 9?
-40
What is the value of -8 + (4 - (0 - -2)) - (-7 - (32 + 27))?
60
21 + 8 + -83 + 29 + (-1 - -52)
26
(19 - 29) + (2 - -27) - -48
67
Evaluate -19 - (2 - (-12 - -27)) - (-5 - 4 - -5).
-2
Calculate 51 - (223 + -68) - -90.
-14
Evaluate (-116 - (3 + -60)) + 23.
-36
What is 6 + 1 - (-6 - ((32 - 15) + -14 + -5))?
11
-5 - -7 - (-29 + 36 - (0 + (64 - 1)))
58
What is the value of (1 + -1 - 3) + (9 - (5 + -6)) + -3?
4
What is the value of -3841 + 3837 + (-1 - -23 - -1)?
19
Evaluate (-4 - 0) + 41 + (-53 - -6) - -12.
2
What is the value of -7 + 24 + (44 - -61)?
122
-4 + -12 + (63 - 32 - 0)
15
Calculate -38 + 89 + 13 + 8.
72
Calculate 28 + 2 + -1 + (6 - (13 - -4)).
18
Calculate (25 - 20) + (-5 - (2 - -13)) + 6 + -38.
-47
-10 - ((-19 - -35) + -14 + 14)
-26
Evaluate 97 - (-51 + 98) - 46.
4
Calculate (-12 - (-14 + -37 + 23)) + (3 - 65).
-46
What is -43 - 42 - (24 - 4 - 30)?
-75
Calculate 14 - (6 + -1 + -2) - (20 + -26 - -8).
9
What is the value of -61500 + 61397 - (-2 + 3 - 3 - (-10 + 1))?
-110
Calculate -79 + -5 + -4 + 0 - (-25 - -6).
-69
Evaluate -10 - ((11 + -12 + 9 - (1 - -13)) + 72).
-76
-15 + 0 - (-14 + -9 + 8)
0
What is (-50 - (-2 - 32) - (13 + -1) - -14) + 75?
61
Calculate -2 - -138 - (1413 - 1296).
19
Calculate (-35 - (-49 + 2)) + -45 - 87.
-120
-6 + -31 + -7 + -2 + 19 - 7
-34
Evaluate 2 + 14 + -12 + -23 + (3 - -5) + -7.
-18
Calculate (-8 + 2 - (6 + (-39 - -27)) - 4) + -56.
-60
What is the value of -7 + -34 + 96 - 17?
38
What is 157 - (30 + (4 - (-2 + -8)))?
113
What is (-12 + -230 - -138) + 43 + 0?
-61
Evaluate (41 - (56 - 66)) + -44.
7
What is the value of -4 + -17 + (-27 + 36 - (4 + 1))?
-17
What is 4 + (44 - 25 - 29 - (1 + -9))?
2
Evaluate 35 + 4 + -31 - (-27 + 5 + (-5 - -10)).
25
Calculate 136 + -128 + -11 + 8 + (-1 - 10) - -33.
27
Calculate (-130 - -1 - (160 + -165)) + 99 + -76.
-101
Evaluate -16 - -1 - (30 - (13 - -7) - 47).
22
What is the value of 2 - 1 - (0 - 7) - (-211 + 243)?
-24
Calculate 100 + (51 - -8) + -230.
-71
-3 - 5 - (4 - 33) - 8 - -9
22
Calculate (1 - 7) + (3 - 13 - (18 - 21)).
-13
2 + -29 - (4 - 27 - -61)
-65
What is the value of 7113 + -7058 - (1 - -86)?
-32
13 - ((15 - -38) + -31) - (-1 - 40)
32
Calculate 54 - (33 + 8 - (26 - -16)).
55
(16 - (22 - -2)) + 26 - (9 + -1)
10
What is 47 + -1 + (-21 - -14) + (3 - 13)?
29
Evaluate 110 + -65 - 64 - 53.
-72
Evaluate -7 - (-11 + (16 - 4) - 7) - 6.
-7
Calculate (8 - -3) + 4 - ((19 - 18) + 48).
-34
What is -4 - (12 + -1 + (-1160 + 1135 - (0 + -27)))?
-17
Evaluate -148 + 104 + -30 + -1 + -5.
-80
2 + -14 + (71 - (29 + 16 + -23))
37
Evaluate -34 + (7 - -12) + -3 + -29.
-47
What is 142 - 81 - 31 - (-1 - -162)?
-131
Evaluate 18 + -2 + (-12 - -10) - (0 - -9).
5
What is the value of (-347 - -341) + 13 + -10 + 12?
9
Evaluate 10 - 3 - ((2 - 24) + 1).
28
Evaluate (26 - (-41 + 73)) + -3 + 33.
24
What is the value of 5 + (-7 - -2) - (23 + -108 + 37)?
48
Evaluate 1 + 89 + (-23841 - -23749).
-2
Evaluate 5 + 32 + -3 + (90 + -29 - 57).
38
What is the value of (22 - (5 - -4) - (6 + -1)) + -1 + -74?
-67
Calculate (44 - (56 + -7)) + (1 - (-3 - 38)).
37
What is the value of -10 - (8 + 1 + (-81 - 4 - -22) + 3)?
41
What is -4 + 22 + (54 - (37 + -8))?
43
Calculate 30 + 2 + 2 + -16 + (415 - 406).
27
What is -15 + 9 + (8 - (2 - -16 - (10 - 6)))?
-12
What is 51 - ((-12 - 13) + (27 - -17))?
32
Calculate -19 + (18 - (71 + -34)).
-38
What is the value of (-10033 - -9964) + (2 - 59)?
-126
Calculate 484 - 484 - ((-4 - 0 - -4) + 18 + 0).
-18
Calculate 23 + -6 + -23 - (-70 - (4 - 10)).
58
What is (33 - 23) + -168 + 165 - (-1 + -3 - 0)?
11
Evaluate 28 + 1 + (14 - (-13 + 44 - (17 + -5))).
24
What is the value of 38 + (-53 - (-45 + 5))?
25
Calculate (-34 - 61 - -45) + 37.
-13
Evaluate -10 + -6 + 6 - (-334 + 335).
-11
Evaluate (23 + -51 - (0 + -2)) + -18 + 12.
-32
What is (-73 - -89) + -16 + -1 + (-32 - -2)?
-31
What is 6464 + -6463 - (2 - (-1 + -67))?
-69
6 + (-10 - -11) + (11 - (-7 + (4 - -104)))
-83
Calculate (34 - 18) + (-21 - 6) + -3 + 17.
3
What is the value of (-55 - (-1 - 1)) + 0 + -23 + 0 + 14?
-62
What is (0 + 3 - 12) + ((21 - 13) + -23 - -25)?
1
Evaluate (-11 - 20) + -246 + 294.
17
Evaluate (-50 - ((-1 - -8) + -11)) + -29 + 15.
-60
What is 18 + 131 + (-312 - -117)?
-46
(5458 - 5339) + -98 + 0
21
What is 9 + (36 - 31 - -67)?
81
Calculate 12 + (75 - 170) + 38.
-45
5070 + -5071 - (-1 - (0 - 16)) - -45
29
What is the value of -1 + -4 - (4 + (-7 - -4)) - (-12 + -34)?
40
What is the value of (140 + -160 - 11) + 56?
25
What is the value of (9 - -5) + -3 + 10 + -110 + 114?
25
What is 41 + (-15 - (65 - 47))?
8
Evaluate 14 + (-33 + 21 - -27) + -1.
28
Calculate 1 - -4 - (-2 + (-13 - -33)).
-13
What is the value of 132 - (62 + 57) - (2 - -27)?
-16
-1 + 6 - (2 + -55 + 59)
-1
-84 + 240 + (-76 - 202)
-122
Evaluate -187 - -58 - (-10 + 11 + 8 - 34).
-104
Calculate -84 - (74 - 102) - -50.
-6
(-92 - -110 - (-4 - -8)) + -6 + 0 + 3
11
What is (17 - (-95 - -36)) + -99?
-23
Calculate 39 - (8 - (-5 + -14 + 8 + 4 + 4)).
28
Calculate (426 - 520) + (40 - -18).
-36
What is the value of -77 - (-89 - (-2 + -1))?
9
What is the value of 13 + -10 - -7 - ((3 - -17) + 42)?
-52
Evaluate 19 + (-17 - ((18 - 25) + 12)) - -123.
120
What is 1321 + -1218 - (-6 - (3 - 5) - 0)?
107
What is (-49 - (20 - 23)) + -10 + 38?
-18
What is (-2 + 9 + -8 - 3) + (-11 - -57)?
42
What is the value of -385 + 250 + (105 - 9)?
-39
7 + -7 - (-6 + -31 + -28 + 71)
-6
-1 + 2 + 7 + 19 - (67 + -72)
32
What is 21 + -29 - ((2 - -3 - -2) + -9)?
-6
Evaluate -38 + 200 + -150 + 26.
38
-135 + 90 - -2 - 95
-138
Evaluate (25 - (39 + -30)) + -34 - (-1 + -71).
54
-7 + 33 + 5 + -25
6
Evaluate (144 - (408 - 294)) + -1 + -129.
-100
What is 3 - (1 + 24 + -8 + -5 + -8 + 3)?
-4
422 - 390 - (-22 + 3)
51
Evaluate (1 - 4) + 1 + (-28 - -18) - 15.
-27
What is (66 - 35 - (23 - -46)) + -62?
-100
What is ((12 - 10) + 19 - 28) + -33?
-40
Evaluate -9 - (-11 - ((-1 - 4) + -10) - -8 - 14).
-7
((105 - 49) + -57 - (-3 - -9)) + (62 - -1)
56
(50 - -4) + -66 + 82
70
What is the value of (-12 - -5) + (6 - (12 + (-34 - -21)))?
0
What is the value of -174 - (-145 + 102) - -23?
-108
Evaluate -15 - (-55 - 19) - 28.
31
Calculate -28 + 3 + (63 - 79) - (10 + -7).
-44
Calculate 97 - (-9 + -2 + 2 - (19 + 2 + -30)).
97
(-1 - 55) + -51 + -19 + 65 + -3
-64
What is the value of -21012 + 20924 - (-1 - 147)?
60
What is 75 - (43 - 4 - -1)?
35
What is -5 - 24 - (-46 - -20) - (-1 + 36)?
-38
Evaluate -11 - (-10 - 9) - -36 - (30 - 12).
26
What is the value of 5 + 57 + -44 - -24?
42
What is 101 - 93 - (-10 - (-12 - 13))?
-7
Calculate 94 - (-27 - -280 - 75).
-84
Calculate (6 - -8) + 15 + -38.
-9
Calculate 9 - -37 - (2 + (-3 - -12)).
35
What is 25 - (10 + 8 - 28)?
35
(-11 - (-12 + 42)) + 3 + 6 + 4
-28
Evaluate -10 - ((-8 - -13 - -6) + 8 + 29).
-58
44 + (53 + -137 - -34)
-6
Calculate (25 + -81 - -34) + 53 + -81.
-50
What is the value of 41 + (20 - (-19 + 55)) - 10?
15
What is (-7 + 2 - -4) + -3670 + 3586?
-85
Evaluate 2 - 4 - -13 - (-11 + (-16 - -37)) - 48.
-47
-6 - 61 - (3 - (27 + -18 + 13))
-48
What is the value of 8 + 4 - (13 + -11 - -9) - 11 - -28?
18
Evaluate (2 - 8) + 9 + -45 + (-32 - -32).
-42
What is the value of (10 - (6 - 3 - (3 - -6 - 8))) + -45?
-37
What is -5 + 3 - -7 - ((14 - 9) + -63 + 10)?
53
What is (4 - -1) + -35 + (-10 - (14 + -18)) + 14?
-22
-42 - (-6 + (-59 - 18))
41
What is the value of -8 + (1 + -8 - (-5 - 8)) + 0 + 26?
24
1 + -75 - (146 + 3 + -181)
-42
What is 3 + -13 + -35 + -2?
-47
Calculate -133 + 92 - (-46 + -11).
16
What is 59 - (107 - (37 - -5))?
-6
What is -112 - (78 - (17 - -74))?
-99
-9 + (8 + -19 - (-1 - -18))
-37
Evaluate 17 + (107 - 99 - (2 - (-13 - 2))).
8
What is 3 + -5 + -9 - (-28 - (-17 + 1) - 21)?
22
Calculate 8 - (7 - 4) - -11 - (45 - (-3 - -11)).
-21
1590 - 1609 - (-4 + -50)
35
(81 - 103 - -48